05 + 56 - a. Calculate x(-7).
8
Let t(d) = -d + 10. Suppose -32 + 20 = 2*i. Determine t(i).
16
Let z(j) = j - 2. Suppose 5*h + 2*x - 41 = 0, -10*h + 13*h + 3*x - 30 = 0. What is z(h)?
5
Let y(i) be the second derivative of -i**4/2 + i**3/2 - 261*i. Determine y(2).
-18
Suppose r - 20 = 3*r + 4*a, -a = 3. Let t(n) = -n**3 - 6*n**2 - 6*n - 5. Calculate t(r).
-13
Suppose -40*b + 3*l - 10 = -36*b, 5*b + 3*l = 1. Let c(i) = 2*i**3 - 1. Give c(b).
-3
Let m(b) be the second derivative of -b**4/12 - 2*b**3/3 + 3*b**2 - 419*b. Let j = -9 + 2. Determine m(j).
-15
Suppose -7 = -5*x - n - 0, 3*n = 5*x + 1. Let f(b) = -x - 2*b**2 + 3*b**2 + 4*b - 3. Let q = 1902 - 1907. What is f(q)?
1
Let u(x) = 2*x + 3. Let y(o) = o**3 + 2*o**2 + 7*o + 5. Let b be y(-3). Let j = 20 + b. What is u(j)?
-7
Let y(q) = -q**3 - 8*q**2 - 7*q - 10. Let l(o) = -5*o**2 - 4*o - 1 + 2*o**2 + o**2. Let a be l(-3). What is y(a)?
-10
Let f(k) = -k**2 - 3*k. Let p be f(-3). Suppose p = b - 3*b + 4. Suppose -4*y + 2*x + b = 20, 5*y = 5*x - 35. Let o(q) = q**3 + 4*q**2 + 2*q + 1. Give o(y).
5
Let u(q) = -q. Let n(t) = -t**2 - 9*t + 3. Let v(h) = -n(h) + 2*u(h). What is v(-6)?
-9
Let m(r) be the first derivative of -r**3/3 - 2*r**2 + 7*r - 1. Suppose 161*z - 614 = -1580. Give m(z).
-5
Let j(b) be the third derivative of 0 - 1/10*b**5 + 1/120*b**6 + 0*b + 3*b**2 + 1/8*b**4 + 1/2*b**3. Suppose 6 = 4*r + 5*i, -9 = -3*r - 3*i - 3. What is j(r)?
-17
Suppose 0 = -4*w - 5*p - 26, 0 = 4*w - 9*p + 5*p + 44. Let s(h) = -3*h - 28. Calculate s(w).
-1
Let r(k) be the third derivative of 1/12*k**4 + 0*k + 0 + 0*k**3 + k**2. Let x be ((-15)/(-5) - 9) + 1. Determine r(x).
-10
Let v be (2/(-1))/((-11)/((-363)/22)). Let l(o) = -2*o. Calculate l(v).
6
Let j(r) = 14*r + 8 + r**2 + 2 - 4 - 7. Let g(n) = -n + 1. Let h(s) = -4*g(s) - j(s). Calculate h(-9).
6
Suppose -4*c - 4*b + 184 = -0*b, 5*c = b + 200. Let g = c + -37. Let o(q) be the second derivative of q**4/6 - 5*q**3/6 - 2*q**2 + 3*q. Calculate o(g).
8
Let s(r) = 4*r + 2 + r + 2 + r**2 + r. Let p(k) = k**2 - 10*k - 14. Let q be p(11). What is s(q)?
-5
Let p(g) = 18 - 25 - g - 3*g - 3*g + 2*g. Calculate p(-7).
28
Suppose -4*y + 9*y = 0. Let i(u) = -3*u**3 + 8*u**2 - 4*u + 10. Let o(f) = -4*f**3 + 10*f**2 - 5*f + 12. Let m(l) = 5*i(l) - 4*o(l). What is m(y)?
2
Let u(q) = -36 + q + 38 - 3*q. Suppose -2*z - n + 1 = 0, -4*z + n = -7*z + 4. What is u(z)?
-4
Suppose -131*j = -123*j - 32. Let z(s) = s. Determine z(j).
4
Let o(a) be the third derivative of -a**4/8 + a**3/3 - 156*a**2. What is o(2)?
-4
Let k(f) be the third derivative of 0 - 1/12*f**4 + 1/3*f**3 + 0*f - 14*f**2. Calculate k(6).
-10
Let o(h) = -h - 7. Let d = -56 - -98. Let n = d - 49. What is o(n)?
0
Let f(i) = 5 + 28*i - 56*i - 6*i**2 + 32*i + i**3. Give f(5).
0
Let k(o) = 2*o + 4. Let q be k(-1). Let y be -10 + q + 6/2. Let c(f) be the third derivative of -f**6/120 - f**5/15 + f**4/8 - f**3/2 + 4*f**2. Calculate c(y).
7
Suppose 107*a - 293 - 28 = 0. Let s(b) = -6*b + 8. Give s(a).
-10
Let t(l) = l**3 + 17*l**2 - 2*l - 18. Let m be t(-17). Suppose -2*v = f + 2*f + 19, -2*f - 2*v = m. Let b(q) = -q**2 - 4*q - 1. Calculate b(f).
2
Let j(a) = -2*a**2 + 23*a - 6. Suppose -121 = -0*o - 11*o. Calculate j(o).
5
Let k(t) be the first derivative of t**4/4 - 11*t**3/3 - t**2/2 - 3*t - 6. Let n(z) = -z**2. Let f(w) = k(w) - 5*n(w). Determine f(6).
-9
Suppose -6*k = -8*k + 6. Let v be (-70)/8 + k/(-12). Let h(r) = r**3 + 9*r**2 + r + 1. What is h(v)?
-8
Let p(a) be the second derivative of 0 + 1/12*a**4 - 2*a**2 + 37*a + 5/6*a**3. Give p(-6).
2
Let a(w) = 0*w - 3*w + 4*w + 65*w**2 - 67*w**2 - 5. Calculate a(3).
-20
Let r(j) = -j**2 - 13*j + 16. Let o be r(-14). Suppose -x = o*g - 6, -4*x = -5*x + 4*g. Let s(l) = -l**2 + 2*l - 2. Calculate s(x).
-10
Let p(q) = -q**2 + 2*q - 1. Let z(u) = 2*u + 2. Let y be z(3). What is p(y)?
-49
Let r(u) be the second derivative of -u**6/180 - u**5/120 + u**4/8 - 17*u**3/6 - 19*u. Let y(n) be the second derivative of r(n). What is y(-3)?
-12
Let j(l) = -l**2 + 20*l - 13. Let o = 794 + -775. Calculate j(o).
6
Suppose -5*m + 75 = -2*o + 6*o, -3*m + 8 = -5*o. Suppose -34 = -m*p + 32. Let u(r) = r**2 - 9*r + 9. Give u(p).
-9
Let p(d) = 9*d + d**3 - 2*d - 8*d**2 + 7 - 3*d. Let h be (12/16)/((-84)/(-784)). What is p(h)?
-14
Let j(u) = u + 2. Let c(n) = 7*n + 104. Let q be c(-16). Let f(i) = -2*i - 19. Let o be f(q). Calculate j(o).
-1
Let r = 106 + -111. Let s(w) = -3*w**3 - 4*w**2 + 2*w - 6. Let j(b) = -10*b**3 - 12*b**2 + 5*b - 19. Let g(k) = 2*j(k) - 7*s(k). Give g(r).
-1
Let h(o) be the third derivative of -17*o**5/60 + o**4/12 + o**3/6 + 11*o**2 - 1. Determine h(-1).
-18
Suppose 13*u - 16*u = 15. Let c(v) = -v**3 - 4*v**2 + 4*v + 1. What is c(u)?
6
Let i(k) = -k**3 + 4*k**2 + 7*k - 2. Suppose 25*d - 29*d + 100 = 0. Suppose 11*c = 6*c + d. Give i(c).
8
Let b(r) = -r**3 + r**2 - 2. Let o(f) = 2*f**3 - 2*f**2 - f + 8. Let w(q) = 3*b(q) + o(q). Let s = 2 + -2. Give w(s).
2
Let o(p) = p - 5. Let f be 6*((-3)/(-9))/(-1). Let n = 1 - f. Suppose -2*d = -n*d. Give o(d).
-5
Let b(w) = w**3 + 13*w**2 - 18*w - 12. Let g be b(-14). Let h = g - 41. Let k(i) = -i**3 + 3*i**2 + 3. Calculate k(h).
3
Let y = -39 + 71. Suppose 3*q + 4*h - y = -7, -2*h = -q + 25. Let t be -5*(0 + (-6)/q). Let k(v) = v - 1. Determine k(t).
1
Let z(p) = -p - 3. Let l(i) = 3*i - 13. Let u be l(6). Suppose u = s + 2. Let d be -8*(-3 + 7 - s). What is z(d)?
5
Let j(a) = a**3 + 5*a**2 + 3*a - 1. Let y(x) = 4*x + 73. Let f be y(-19). What is j(f)?
8
Let a(h) = h**2 - 11*h + 10. Suppose 0 = 60*n - 55*n - 45. Calculate a(n).
-8
Let g(m) = m**2 + 5*m. Suppose 0 = 5*x + x + 30. Give g(x).
0
Let i(s) be the third derivative of s**5/60 - 5*s**4/24 - 5*s**3/3 - 4*s**2 - 2. What is i(6)?
-4
Let v(t) = 13*t + 13. Let c(w) = 12*w + 11. Let l(s) = 4*c(s) - 3*v(s). Calculate l(5).
50
Let l be (-2)/(2 - 0) + 0. Let f(x) = 28*x + 4. Let r(w) = w + 1. Let k(m) = f(m) - 3*r(m). What is k(l)?
-24
Let m(z) = -4*z**3 + 3*z**2 + 4*z - 3. Let w(j) = 3*j**3 - 2*j**2 - 3*j + 2. Let r be (-1)/2 + 30/(-12). Let v(i) = r*w(i) - 2*m(i). Determine v(0).
0
Let b(n) be the third derivative of -n**4/3 - n**3/2 + n**2 + 194*n. Let h(g) = -g**3 - 5*g**2 + 7*g + 4. Let f be h(-6). Determine b(f).
13
Let g(t) = t**3 - 8*t**2 + 7*t + 9. Let d(s) = -7*s**3 + s**2 + 2*s. Let l be (-44)/36 - (-4)/18. Let i be d(l). Suppose i*x - 35 = x. Give g(x).
9
Let w(m) be the third derivative of 0 + 1/6*m**3 + 0*m + 33*m**2 + 1/24*m**4. What is w(3)?
4
Let m(p) be the third derivative of -5*p**4/4 - p**3/6 + 93*p**2. Calculate m(-1).
29
Suppose 175 + 800 = -5*a. Let v be (4/(-6))/((-26)/a). Let x(c) = 2*c + 4*c**3 + 9*c**2 - 3 - 3*c**2 + 1 - 3*c**3. Calculate x(v).
13
Let u(d) = -d - 9. Suppose 4*k + 39 + 49 = 0. Let v = k + 14. Calculate u(v).
-1
Let j(o) be the third derivative of -o**4/24 + 4*o**3 + 979*o**2. Calculate j(-10).
34
Let r(y) = -15*y**3 - 2*y**2 + 5*y - 16. Let m(u) = 11*u**3 + 3*u**2 - 2*u + 16. Let a(l) = -4*m(l) - 3*r(l). What is a(7)?
-16
Let s(p) = 2*p**2 - 6*p + 2. Let r(q) = -q**3 + 2*q**2 + 2*q + 8. Let d be -2 - -5 - (3 + -3)/(-2). Let g be r(d). Give s(g).
22
Let j be -1*4*1 - (-138)/23. Let o be (-13 - (-2 + -2))*j/6. Let n(h) = h**3 + 2*h**2 + 1. Calculate n(o).
-8
Let z(m) = m**2 + 4*m + 1. Let u(o) = -6*o + 37. Let q be u(7). Give z(q).
6
Suppose -12 = 6*z - 7*z. Suppose -z*w = -w - 11. Let r(l) = l**2 + 3*l + 4. Let c(g) = 2*g**2 + 5*g + 7. Let t(x) = 3*c(x) - 5*r(x). What is t(w)?
2
Let a(x) = x + 2. Suppose -5*m + 3*f - 5 = 6, 4*f = 4*m + 4. Let n be (3/6)/((-1)/m). Suppose n*k + 3*k = -25. Determine a(k).
-3
Let a(d) = -d**2 + 7*d + 5. Let j(v) = v - 14. Let n be j(18). Suppose 27 = h + 4*h - 2*q, 2*h = n*q - 2. Calculate a(h).
5
Let f = 2660 - 2659. Let m(q) = 32*q. Give m(f).
32
Let p(o) = -30*o + 476. Let t be p(16). Let g(b) = b**2 + 3*b - 9. What is g(t)?
-5
Let z(u) = u - 7. Let d(r) = r**2 + 18*r + 25. Suppose 9 + 58 = -3*n - 4*o, 4*o - 69 = 5*n. Let m be d(n). Give z(m).
1
Let j(f) = -f**3 - 7*f**2 + 9*f + 9. Let g be j(-8). Let t be (g - -7)*(-9)/(-6). Let s be (-4)/t + (-5)/(-15). Let m(c) = c**2 - c. Give m(s).
0
Let u(d) = -d**2 - 6*d + 7. Let n(r) = r**2 - 11*r + 12. Let k be n(2). Determine u(k).
7
Let o(u) be the seco